{"id":219,"date":"2026-03-04T11:21:57","date_gmt":"2026-03-04T10:21:57","guid":{"rendered":"https:\/\/naturoterapiasanok.pl\/?page_id=219"},"modified":"2026-03-04T11:23:35","modified_gmt":"2026-03-04T10:23:35","slug":"polityka-prywatnosci-2","status":"publish","type":"page","link":"https:\/\/naturoterapiasanok.pl\/?page_id=219","title":{"rendered":"Polityka prywatno\u015bci"},"content":{"rendered":"<p>[et_pb_section fb_built=&#8221;1&#8243; custom_padding_last_edited=&#8221;on|tablet&#8221; admin_label=&#8221;Header&#8221; _builder_version=&#8221;4.27.4&#8243; _module_preset=&#8221;default&#8221; background_color=&#8221;gcid-c159fe25-17b5-49f7-a4bd-a2adb8f8a2a8&#8243; custom_padding=&#8221;|60px||60px|false|true&#8221; custom_padding_tablet=&#8221;5vw|5vw|5vw|5vw|true|true&#8221; custom_padding_phone=&#8221;|5vw||5vw|true|true&#8221; locked=&#8221;off&#8221; global_colors_info=&#8221;{%22gcid-c159fe25-17b5-49f7-a4bd-a2adb8f8a2a8%22:%91%22background_color%22%93}&#8221;][et_pb_row _builder_version=&#8221;4.27.4&#8243; _module_preset=&#8221;default&#8221;][et_pb_column _builder_version=&#8221;4.27.4&#8243; _module_preset=&#8221;default&#8221; type=&#8221;4_4&#8243;][et_pb_text _builder_version=&#8221;4.27.4&#8243; _module_preset=&#8221;default&#8221; hover_enabled=&#8221;0&#8243; sticky_enabled=&#8221;0&#8243;]<\/p>\n<h1 data-start=\"396\" data-end=\"418\">Polityka prywatno\u015bci<\/h1>\n<p>&nbsp;<\/p>\n<h2 data-start=\"420\" data-end=\"446\">1. Administrator danych<\/h2>\n<p data-start=\"447\" data-end=\"577\">Administratorem danych osobowych jest Gabinet Naturoterapii Naturoterapia Sanok z siedzib\u0105 przy ul. Turystycznej 8B, 38-500 Sanok.<\/p>\n<p data-start=\"579\" data-end=\"747\">W sprawach zwi\u0105zanych z przetwarzaniem danych osobowych mo\u017cna skontaktowa\u0107 si\u0119 poprzez wiadomo\u015b\u0107 prywatn\u0105 na stronie Facebook <strong data-start=\"705\" data-end=\"728\">Naturoterapia Sanok<\/strong> lub telefonicznie.<\/p>\n<hr data-start=\"749\" data-end=\"752\" \/>\n<h2 data-start=\"754\" data-end=\"784\">2. Zakres zbieranych danych<\/h2>\n<p data-start=\"785\" data-end=\"900\">Za po\u015brednictwem formularza kontaktowego na platformie Facebook (Meta Lead Ads) mog\u0105 by\u0107 zbierane nast\u0119puj\u0105ce dane:<\/p>\n<ul data-start=\"902\" data-end=\"1034\">\n<li data-start=\"902\" data-end=\"908\">\n<p data-start=\"904\" data-end=\"908\">imi\u0119<\/p>\n<\/li>\n<li data-start=\"909\" data-end=\"925\">\n<p data-start=\"911\" data-end=\"925\">numer telefonu<\/p>\n<\/li>\n<li data-start=\"926\" data-end=\"1034\">\n<p data-start=\"928\" data-end=\"1034\">informacje dotycz\u0105ce zg\u0142aszanego problemu zdrowotnego (je\u017celi u\u017cytkownik poda je dobrowolnie w formularzu)<\/p>\n<\/li>\n<\/ul>\n<p data-start=\"1036\" data-end=\"1118\">Podanie danych jest dobrowolne, jednak niezb\u0119dne do kontaktu w sprawie zg\u0142oszenia.<\/p>\n<hr data-start=\"1120\" data-end=\"1123\" \/>\n<h2 data-start=\"1125\" data-end=\"1155\">3. Cel przetwarzania danych<\/h2>\n<p data-start=\"1156\" data-end=\"1192\">Dane osobowe przetwarzane s\u0105 w celu:<\/p>\n<ul data-start=\"1194\" data-end=\"1407\">\n<li data-start=\"1194\" data-end=\"1239\">\n<p data-start=\"1196\" data-end=\"1239\">kontaktu z osob\u0105, kt\u00f3ra wype\u0142ni\u0142a formularz<\/p>\n<\/li>\n<li data-start=\"1240\" data-end=\"1297\">\n<p data-start=\"1242\" data-end=\"1297\">udzielenia informacji dotycz\u0105cych us\u0142ug terapeutycznych<\/p>\n<\/li>\n<li data-start=\"1298\" data-end=\"1328\">\n<p data-start=\"1300\" data-end=\"1328\">um\u00f3wienia wizyty w gabinecie<\/p>\n<\/li>\n<li data-start=\"1329\" data-end=\"1407\">\n<p data-start=\"1331\" data-end=\"1407\">odpowiedzi na zapytanie dotycz\u0105ce problem\u00f3w zdrowotnych zwi\u0105zanych z terapi\u0105<\/p>\n<\/li>\n<\/ul>\n<p data-start=\"1409\" data-end=\"1490\">Dane nie s\u0105 wykorzystywane do masowego marketingu ani sprzeda\u017cy danych osobowych.<\/p>\n<hr data-start=\"1492\" data-end=\"1495\" \/>\n<h2 data-start=\"1497\" data-end=\"1532\">4. Podstawa prawna przetwarzania<\/h2>\n<p data-start=\"1533\" data-end=\"1575\">Dane osobowe przetwarzane s\u0105 na podstawie:<\/p>\n<ul data-start=\"1577\" data-end=\"1688\">\n<li data-start=\"1577\" data-end=\"1688\">\n<p data-start=\"1579\" data-end=\"1688\">art. 6 ust. 1 lit. a RODO \u2013 zgoda osoby, kt\u00f3rej dane dotycz\u0105 (dobrowolne wype\u0142nienie formularza kontaktowego)<\/p>\n<\/li>\n<\/ul>\n<hr data-start=\"1690\" data-end=\"1693\" \/>\n<h2 data-start=\"1695\" data-end=\"1722\">5. Przechowywanie danych<\/h2>\n<p data-start=\"1723\" data-end=\"1901\">Dane osobowe b\u0119d\u0105 przechowywane wy\u0142\u0105cznie przez okres niezb\u0119dny do kontaktu i obs\u0142ugi zapytania, nie d\u0142u\u017cej ni\u017c jest to konieczne do realizacji celu, dla kt\u00f3rego zosta\u0142y zebrane.<\/p>\n<hr data-start=\"1903\" data-end=\"1906\" \/>\n<h2 data-start=\"1908\" data-end=\"1929\">6. Odbiorcy danych<\/h2>\n<p data-start=\"1930\" data-end=\"2090\">Dane mog\u0105 by\u0107 przetwarzane przez dostawc\u00f3w us\u0142ug technicznych zwi\u0105zanych z obs\u0142ug\u0105 platformy Facebook (Meta Platforms Inc.), zgodnie z ich polityk\u0105 prywatno\u015bci.<\/p>\n<p data-start=\"2092\" data-end=\"2174\">Administrator nie przekazuje danych osobowych innym podmiotom w celach handlowych.<\/p>\n<hr data-start=\"2176\" data-end=\"2179\" \/>\n<h2 data-start=\"2181\" data-end=\"2219\">7. Prawa osoby, kt\u00f3rej dane dotycz\u0105<\/h2>\n<p data-start=\"2220\" data-end=\"2266\">Ka\u017cda osoba, kt\u00f3rej dane dotycz\u0105, ma prawo do:<\/p>\n<ul data-start=\"2268\" data-end=\"2452\">\n<li data-start=\"2268\" data-end=\"2294\">\n<p data-start=\"2270\" data-end=\"2294\">dost\u0119pu do swoich danych<\/p>\n<\/li>\n<li data-start=\"2295\" data-end=\"2316\">\n<p data-start=\"2297\" data-end=\"2316\">sprostowania danych<\/p>\n<\/li>\n<li data-start=\"2317\" data-end=\"2335\">\n<p data-start=\"2319\" data-end=\"2335\">usuni\u0119cia danych<\/p>\n<\/li>\n<li data-start=\"2336\" data-end=\"2364\">\n<p data-start=\"2338\" data-end=\"2364\">ograniczenia przetwarzania<\/p>\n<\/li>\n<li data-start=\"2365\" data-end=\"2414\">\n<p data-start=\"2367\" data-end=\"2414\">wniesienia sprzeciwu wobec przetwarzania danych<\/p>\n<\/li>\n<li data-start=\"2415\" data-end=\"2452\">\n<p data-start=\"2417\" data-end=\"2452\">cofni\u0119cia zgody w dowolnym momencie<\/p>\n<\/li>\n<\/ul>\n<hr data-start=\"2454\" data-end=\"2457\" \/>\n<h2 data-start=\"2459\" data-end=\"2497\">8. Informacja o platformie Facebook<\/h2>\n<p data-start=\"2498\" data-end=\"2666\">Formularz kontaktowy jest udost\u0119pniany za po\u015brednictwem platformy Facebook (Meta). Dane mog\u0105 by\u0107 przetwarzane zgodnie z polityk\u0105 prywatno\u015bci Meta dost\u0119pnej pod adresem:<\/p>\n<p data-start=\"2668\" data-end=\"2707\"><a data-start=\"2668\" data-end=\"2707\" rel=\"noopener\" target=\"_new\" class=\"decorated-link\" href=\"https:\/\/www.facebook.com\/privacy\/policy\">https:\/\/www.facebook.com\/privacy\/policy<\/a><\/p>\n<p>[\/et_pb_text][\/et_pb_column][\/et_pb_row][\/et_pb_section]<\/p>\n","protected":false},"excerpt":{"rendered":"<p>Polityka prywatno\u015bci &nbsp; 1. Administrator danych Administratorem danych osobowych jest Gabinet Naturoterapii Naturoterapia Sanok z siedzib\u0105 przy ul. Turystycznej 8B, 38-500 Sanok. W sprawach zwi\u0105zanych z przetwarzaniem danych osobowych mo\u017cna skontaktowa\u0107 si\u0119 poprzez wiadomo\u015b\u0107 prywatn\u0105 na stronie Facebook Naturoterapia Sanok lub telefonicznie. 2. Zakres zbieranych danych Za po\u015brednictwem formularza kontaktowego na platformie Facebook (Meta Lead [&hellip;]<\/p>\n","protected":false},"author":1,"featured_media":0,"parent":0,"menu_order":0,"comment_status":"closed","ping_status":"closed","template":"","meta":{"_et_pb_use_builder":"on","_et_pb_old_content":"","_et_gb_content_width":"","footnotes":""},"class_list":["post-219","page","type-page","status-publish","hentry"],"yoast_head":"<!-- This site is optimized with the Yoast SEO plugin v24.9 - https:\/\/yoast.com\/wordpress\/plugins\/seo\/ -->\n<title>Polityka prywatno\u015bci - Naturoterapia Sanok<\/title>\n<meta name=\"robots\" content=\"index, follow, max-snippet:-1, max-image-preview:large, max-video-preview:-1\" \/>\n<link rel=\"canonical\" href=\"https:\/\/naturoterapiasanok.pl\/?page_id=219\" \/>\n<meta property=\"og:locale\" content=\"pl_PL\" \/>\n<meta property=\"og:type\" content=\"article\" \/>\n<meta property=\"og:title\" content=\"Polityka prywatno\u015bci - Naturoterapia Sanok\" \/>\n<meta property=\"og:description\" content=\"Polityka prywatno\u015bci &nbsp; 1. Administrator danych Administratorem danych osobowych jest Gabinet Naturoterapii Naturoterapia Sanok z siedzib\u0105 przy ul. Turystycznej 8B, 38-500 Sanok. W sprawach zwi\u0105zanych z przetwarzaniem danych osobowych mo\u017cna skontaktowa\u0107 si\u0119 poprzez wiadomo\u015b\u0107 prywatn\u0105 na stronie Facebook Naturoterapia Sanok lub telefonicznie. 2. Zakres zbieranych danych Za po\u015brednictwem formularza kontaktowego na platformie Facebook (Meta Lead [&hellip;]\" \/>\n<meta property=\"og:url\" content=\"https:\/\/naturoterapiasanok.pl\/?page_id=219\" \/>\n<meta property=\"og:site_name\" content=\"Naturoterapia Sanok\" \/>\n<meta property=\"article:publisher\" content=\"https:\/\/www.facebook.com\/naturoterapiasanok\" \/>\n<meta property=\"article:modified_time\" content=\"2026-03-04T10:23:35+00:00\" \/>\n<meta name=\"twitter:card\" content=\"summary_large_image\" \/>\n<meta name=\"twitter:label1\" content=\"Szacowany czas czytania\" \/>\n\t<meta name=\"twitter:data1\" content=\"3 minuty\" \/>\n<script type=\"application\/ld+json\" class=\"yoast-schema-graph\">{\"@context\":\"https:\/\/schema.org\",\"@graph\":[{\"@type\":\"WebPage\",\"@id\":\"https:\/\/naturoterapiasanok.pl\/?page_id=219\",\"url\":\"https:\/\/naturoterapiasanok.pl\/?page_id=219\",\"name\":\"Polityka prywatno\u015bci - Naturoterapia Sanok\",\"isPartOf\":{\"@id\":\"https:\/\/naturoterapiasanok.pl\/#website\"},\"datePublished\":\"2026-03-04T10:21:57+00:00\",\"dateModified\":\"2026-03-04T10:23:35+00:00\",\"breadcrumb\":{\"@id\":\"https:\/\/naturoterapiasanok.pl\/?page_id=219#breadcrumb\"},\"inLanguage\":\"pl-PL\",\"potentialAction\":[{\"@type\":\"ReadAction\",\"target\":[\"https:\/\/naturoterapiasanok.pl\/?page_id=219\"]}]},{\"@type\":\"BreadcrumbList\",\"@id\":\"https:\/\/naturoterapiasanok.pl\/?page_id=219#breadcrumb\",\"itemListElement\":[{\"@type\":\"ListItem\",\"position\":1,\"name\":\"Strona g\u0142\u00f3wna\",\"item\":\"https:\/\/naturoterapiasanok.pl\/\"},{\"@type\":\"ListItem\",\"position\":2,\"name\":\"Polityka prywatno\u015bci\"}]},{\"@type\":\"WebSite\",\"@id\":\"https:\/\/naturoterapiasanok.pl\/#website\",\"url\":\"https:\/\/naturoterapiasanok.pl\/\",\"name\":\"Naturoterapia Sanok\",\"description\":\"\",\"publisher\":{\"@id\":\"https:\/\/naturoterapiasanok.pl\/#organization\"},\"potentialAction\":[{\"@type\":\"SearchAction\",\"target\":{\"@type\":\"EntryPoint\",\"urlTemplate\":\"https:\/\/naturoterapiasanok.pl\/?s={search_term_string}\"},\"query-input\":{\"@type\":\"PropertyValueSpecification\",\"valueRequired\":true,\"valueName\":\"search_term_string\"}}],\"inLanguage\":\"pl-PL\"},{\"@type\":\"Organization\",\"@id\":\"https:\/\/naturoterapiasanok.pl\/#organization\",\"name\":\"Naturoterapia Sanok\",\"url\":\"https:\/\/naturoterapiasanok.pl\/\",\"logo\":{\"@type\":\"ImageObject\",\"inLanguage\":\"pl-PL\",\"@id\":\"https:\/\/naturoterapiasanok.pl\/#\/schema\/logo\/image\/\",\"url\":\"https:\/\/naturoterapiasanok.pl\/wp-content\/uploads\/2025\/04\/Logo3-Naturoterapia-Tomasz-Demkowski.png\",\"contentUrl\":\"https:\/\/naturoterapiasanok.pl\/wp-content\/uploads\/2025\/04\/Logo3-Naturoterapia-Tomasz-Demkowski.png\",\"width\":486,\"height\":480,\"caption\":\"Naturoterapia Sanok\"},\"image\":{\"@id\":\"https:\/\/naturoterapiasanok.pl\/#\/schema\/logo\/image\/\"},\"sameAs\":[\"https:\/\/www.facebook.com\/naturoterapiasanok\",\"https:\/\/www.instagram.com\/naturoterapia_sanok\/\"]}]}<\/script>\n<!-- \/ Yoast SEO plugin. -->","yoast_head_json":{"title":"Polityka prywatno\u015bci - Naturoterapia Sanok","robots":{"index":"index","follow":"follow","max-snippet":"max-snippet:-1","max-image-preview":"max-image-preview:large","max-video-preview":"max-video-preview:-1"},"canonical":"https:\/\/naturoterapiasanok.pl\/?page_id=219","og_locale":"pl_PL","og_type":"article","og_title":"Polityka prywatno\u015bci - Naturoterapia Sanok","og_description":"Polityka prywatno\u015bci &nbsp; 1. Administrator danych Administratorem danych osobowych jest Gabinet Naturoterapii Naturoterapia Sanok z siedzib\u0105 przy ul. Turystycznej 8B, 38-500 Sanok. W sprawach zwi\u0105zanych z przetwarzaniem danych osobowych mo\u017cna skontaktowa\u0107 si\u0119 poprzez wiadomo\u015b\u0107 prywatn\u0105 na stronie Facebook Naturoterapia Sanok lub telefonicznie. 2. Zakres zbieranych danych Za po\u015brednictwem formularza kontaktowego na platformie Facebook (Meta Lead [&hellip;]","og_url":"https:\/\/naturoterapiasanok.pl\/?page_id=219","og_site_name":"Naturoterapia Sanok","article_publisher":"https:\/\/www.facebook.com\/naturoterapiasanok","article_modified_time":"2026-03-04T10:23:35+00:00","twitter_card":"summary_large_image","twitter_misc":{"Szacowany czas czytania":"3 minuty"},"schema":{"@context":"https:\/\/schema.org","@graph":[{"@type":"WebPage","@id":"https:\/\/naturoterapiasanok.pl\/?page_id=219","url":"https:\/\/naturoterapiasanok.pl\/?page_id=219","name":"Polityka prywatno\u015bci - Naturoterapia Sanok","isPartOf":{"@id":"https:\/\/naturoterapiasanok.pl\/#website"},"datePublished":"2026-03-04T10:21:57+00:00","dateModified":"2026-03-04T10:23:35+00:00","breadcrumb":{"@id":"https:\/\/naturoterapiasanok.pl\/?page_id=219#breadcrumb"},"inLanguage":"pl-PL","potentialAction":[{"@type":"ReadAction","target":["https:\/\/naturoterapiasanok.pl\/?page_id=219"]}]},{"@type":"BreadcrumbList","@id":"https:\/\/naturoterapiasanok.pl\/?page_id=219#breadcrumb","itemListElement":[{"@type":"ListItem","position":1,"name":"Strona g\u0142\u00f3wna","item":"https:\/\/naturoterapiasanok.pl\/"},{"@type":"ListItem","position":2,"name":"Polityka prywatno\u015bci"}]},{"@type":"WebSite","@id":"https:\/\/naturoterapiasanok.pl\/#website","url":"https:\/\/naturoterapiasanok.pl\/","name":"Naturoterapia Sanok","description":"","publisher":{"@id":"https:\/\/naturoterapiasanok.pl\/#organization"},"potentialAction":[{"@type":"SearchAction","target":{"@type":"EntryPoint","urlTemplate":"https:\/\/naturoterapiasanok.pl\/?s={search_term_string}"},"query-input":{"@type":"PropertyValueSpecification","valueRequired":true,"valueName":"search_term_string"}}],"inLanguage":"pl-PL"},{"@type":"Organization","@id":"https:\/\/naturoterapiasanok.pl\/#organization","name":"Naturoterapia Sanok","url":"https:\/\/naturoterapiasanok.pl\/","logo":{"@type":"ImageObject","inLanguage":"pl-PL","@id":"https:\/\/naturoterapiasanok.pl\/#\/schema\/logo\/image\/","url":"https:\/\/naturoterapiasanok.pl\/wp-content\/uploads\/2025\/04\/Logo3-Naturoterapia-Tomasz-Demkowski.png","contentUrl":"https:\/\/naturoterapiasanok.pl\/wp-content\/uploads\/2025\/04\/Logo3-Naturoterapia-Tomasz-Demkowski.png","width":486,"height":480,"caption":"Naturoterapia Sanok"},"image":{"@id":"https:\/\/naturoterapiasanok.pl\/#\/schema\/logo\/image\/"},"sameAs":["https:\/\/www.facebook.com\/naturoterapiasanok","https:\/\/www.instagram.com\/naturoterapia_sanok\/"]}]}},"_links":{"self":[{"href":"https:\/\/naturoterapiasanok.pl\/index.php?rest_route=\/wp\/v2\/pages\/219","targetHints":{"allow":["GET"]}}],"collection":[{"href":"https:\/\/naturoterapiasanok.pl\/index.php?rest_route=\/wp\/v2\/pages"}],"about":[{"href":"https:\/\/naturoterapiasanok.pl\/index.php?rest_route=\/wp\/v2\/types\/page"}],"author":[{"embeddable":true,"href":"https:\/\/naturoterapiasanok.pl\/index.php?rest_route=\/wp\/v2\/users\/1"}],"replies":[{"embeddable":true,"href":"https:\/\/naturoterapiasanok.pl\/index.php?rest_route=%2Fwp%2Fv2%2Fcomments&post=219"}],"version-history":[{"count":3,"href":"https:\/\/naturoterapiasanok.pl\/index.php?rest_route=\/wp\/v2\/pages\/219\/revisions"}],"predecessor-version":[{"id":223,"href":"https:\/\/naturoterapiasanok.pl\/index.php?rest_route=\/wp\/v2\/pages\/219\/revisions\/223"}],"wp:attachment":[{"href":"https:\/\/naturoterapiasanok.pl\/index.php?rest_route=%2Fwp%2Fv2%2Fmedia&parent=219"}],"curies":[{"name":"wp","href":"https:\/\/api.w.org\/{rel}","templated":true}]}}